{"id":1274,"date":"2025-02-07T12:33:02","date_gmt":"2025-02-07T15:33:02","guid":{"rendered":"https:\/\/infomesq.com.br\/sitenovo\/index.php\/one-page-express\/"},"modified":"2025-06-22T20:42:21","modified_gmt":"2025-06-22T23:42:21","slug":"one-page-express","status":"publish","type":"page","link":"https:\/\/www.infomesq.com.br\/site\/","title":{"rendered":""},"content":{"rendered":"<div  id=\"servicos\" style=\"background-color: #ffffff;\" data-label=\"Servicos\" data-id=\"stripped-coloured-icon-boxes\" data-category=\"overlapable\" class=\"features-coloured-icon-boxes-section\" data-overlap=\"true\"> <div  class=\"gridContainer\"> <div  class=\"features-coloured-icon-boxes-innerrow flexbox-list dark-text\" data-type=\"row\">  <div  class=\"features-coloured-icon-boxes-featurecol cp3cols\">  <img  decoding=\"async\" class=\"custom-image\" src=\"https:\/\/infomesq.com.br\/site\/wp-content\/uploads\/2025\/02\/projector.jpg\" alt=\"\"><h4  class=\"\">ALUGUEL DE EQUIPAMENTOS DE AUDIO E V\u00cdDEO<\/h4> <p  class=\"\">Projetores, Telas, Caixas de Som, Microfones, Notebooks, Tvs, FlipCharts<\/p> <a  class=\"features-coloured-button\" href=\"https:\/\/www.infomesq.com.br\/aluguel\" target=\"_blank\">LOJA VIRTUAL<\/a> <\/div><div  class=\"features-coloured-icon-boxes-featurecol cp3cols\">  <img  decoding=\"async\" class=\"custom-image\" src=\"https:\/\/infomesq.com.br\/site\/wp-content\/uploads\/2025\/02\/server.jpg\" alt=\"\"><h4  class=\"\">SUPORTE A SERVIDORES<\/h4> <p  class=\"\">Servidores Windows e Servidores Linux, Redes, Internet e Intelig\u00eancia Artificial<\/p> <a  class=\"features-coloured-button\" href=\"#suporte\" target=\"_self\">SAIBA MAIS<\/a> <\/div>   <div  class=\"features-coloured-icon-boxes-featurecol cp3cols\">  <img  decoding=\"async\" class=\"custom-image\" src=\"https:\/\/infomesq.com.br\/site\/wp-content\/uploads\/2025\/02\/cloud.jpg\" alt=\"\"><h4  class=\"\">BACKUP REMOTO<\/h4> <p  class=\"\">Backup Remoto com atendimento humanizado, autom\u00e1tico e seguro, v\u00e1rias c\u00f3pias cronol\u00f3gicas.<\/p> <a  class=\"features-coloured-button\" href=\"https:\/\/www.infomesq.com.br\/backup\" target=\"_blank\">SAIBA MAIS<\/a> <\/div><\/div> <\/div><\/div><div  id=\"sobre\" style=\"background-color: #f6f6f6;\" data-label=\"Sobre\" data-id=\"about-big-images-section\" data-category=\"about\" class=\"about-big-images-section\"> <div  class=\"gridContainer\"> <div  class=\"about-big-images-textrow\"> <div  class=\"about-big-images-textcol dynamic-color\" data-type=\"column\"> <h5  class=\"\">BEM VINDO A INFOMESQ<\/h5><h3  class=\"\">Servidores, Backup, Loca\u00e7\u00e3o Audiovisual e Intelig\u00eancia Artificial<\/h3><p  class=\"\">Somos especializados na \u00e1rea de TI, suporte a servidores e desktops, Backup Remoto e Loca\u00e7\u00e3o de Equipamento de Audio e Video. H\u00e1 mais de 20 anos desenvolvemos um trabalho s\u00e9rio de TI e inova\u00e7\u00e3o para nossos clientes.<\/p>   <a  class=\"button blue big\" href=\"#rs-contact\" target=\"_self\">Enviar um E-mail<\/a> <\/div> <\/div> <\/div> <div  class=\"about-big-images-bottomrow\"> <div  class=\"about-big-images-leftimgcol\"><img  decoding=\"async\" class=\"about-big-images-leftimg\" src=\"https:\/\/infomesq.com.br\/site\/wp-content\/uploads\/2025\/02\/sobre.jpeg\" alt=\"\"> <\/div> <div  class=\"about-big-images-centerimgcol\"><img  decoding=\"async\" class=\"about-big-images-centerimg\" src=\"https:\/\/infomesq.com.br\/site\/wp-content\/uploads\/2025\/02\/Liberta-Play-Evento-Pequeno.jpg\" alt=\"\"> <\/div> <div  class=\"about-big-images-rightimgcol\"><img  decoding=\"async\" class=\"about-big-images-rightimg\" src=\"https:\/\/infomesq.com.br\/site\/wp-content\/uploads\/2025\/02\/bb-infomesq.jpg\" alt=\"\"> <\/div> <\/div> <\/div><div  id=\"suporte\" style=\"background-color: #ffffff;\" data-label=\"Suporte\" data-id=\"content-image-left\" data-category=\"content\" class=\"content-left-image-section\"> <div  class=\"gridContainer\"> <div  class=\"row\"> <div  class=\"content-left-image-imgcol\" data-type=\"column\"> <img  decoding=\"async\" src=\"https:\/\/infomesq.com.br\/sitenovo\/wp-content\/uploads\/2025\/02\/RoboeServidor.jpg\" class=\"\" alt=\"\"> <img  decoding=\"async\" class=\"custom-image\" src=\"https:\/\/infomesq.com.br\/site\/wp-content\/uploads\/2025\/02\/RoboeServidor.jpg\" alt=\"\"><\/div> <div  class=\"content-left-image-textcol dynamic-color\" data-type=\"column\"> <h2  class=\"\">Suporte para Servidores e IA<\/h2> <p  class=\"large_text\"> Somos especializados em Servidores Windows e Linux, Internet e Redes. Tamb\u00e9m oferecemos consultoria de novas t\u00e9cnologias e intelig\u00eancia artifical, voltadas a melhoria do rendimento de nossos clientes.&nbsp;<\/p> <a  class=\"button blue\" href=\"https:\/\/web.whatsapp.com\/send?phone=555130317869&amp;text=Ol%C3%A1!%20Preciso%20de%20mais%20informa%C3%A7%C3%B5es%20sobre%20InfoMesq%20Solutions%20%E2%80%93%20Computadores%2C%20Projetores%2C%20Desenvolvimento%20Web%2C%20Backup%20Remoto%2C%20Servidores%20https%3A%2F%2Finfomesq.com.br%2Fsite\" target=\"_self\"> whatsapp <\/a> <a  class=\"button blue\" href=\"#rs-contact\" target=\"_self\">envie um e-mail<\/a><\/div> <\/div> <\/div> <\/div><div  id=\"rs-portfolio\" style=\"background-color: #ffffff;\" data-label=\"Portifolio\" data-id=\"portfolio-full-section\" data-category=\"portfolio\"> <div  class=\"portfolio-full-section\" data-type=\"row\"> <div  class=\"portfolio-full-projectco cp4cols cp4cols-tablet\"> <div  class=\"contentswap-effect ContentSwap103\" hover-fx=\"ContentSwap103\" id=\"ContentSwap103\"> <div  class=\"ContentSwap103_content initial-image\"><img  decoding=\"async\" class=\"portfolio-full-projectimg\" data-size=\"1200x800\" src=\"https:\/\/infomesq.com.br\/site\/wp-content\/uploads\/2025\/02\/cropped-spaten-eventos-infomesq.jpg\"> <\/div> <div  class=\"overlay\" style=\"display: block; opacity: 1;\"><\/div> <div  class=\"swap-inner\" style=\"opacity: 1; display: block;\"> <div  class=\"ContentSwap103-center\"> <h4  class=\"protfolio-full-itemtitle\">Evento Spatem \u2013 Caxias do Sul<\/h4><a  class=\"button yellow\" href=\"https:\/\/www.infomesq.com.br\/aluguel\" target=\"_blank\">Locar<\/a> <\/div> <\/div> <\/div> <\/div> <div  class=\"portfolio-full-projectco cp4cols cp4cols-tablet\"> <div  class=\"contentswap-effect ContentSwap103\" hover-fx=\"ContentSwap103\" id=\"ContentSwap103\" is-hovered=\"1\"> <div  class=\"ContentSwap103_content initial-image\"><img  decoding=\"async\" class=\"portfolio-full-projectimg\" data-size=\"1200x800\" src=\"https:\/\/infomesq.com.br\/site\/wp-content\/uploads\/2025\/02\/cropped-Ocergs-aurora-evento-infome.jpg\"> <\/div> <div  class=\"overlay\" style=\"display: block; opacity: 1;\"><\/div> <div  class=\"swap-inner\" style=\"opacity: 1; display: block;\"> <div  class=\"ContentSwap103-center\"> <h4  class=\"protfolio-full-itemtitle\">Evento na Ocergs \u2013 Parque da Expointer<\/h4><a  class=\"button yellow\" href=\"https:\/\/www.infomesq.com.br\/aluguel\" target=\"_blank\">Locar<\/a> <\/div> <\/div> <\/div> <\/div> <div  class=\"portfolio-full-projectco cp4cols cp4cols-tablet\"> <div  class=\"contentswap-effect ContentSwap103\" hover-fx=\"ContentSwap103\" id=\"ContentSwap103\" is-hovered=\"1\"> <div  class=\"ContentSwap103_content initial-image\"><img  decoding=\"async\" class=\"portfolio-full-projectimg\" data-size=\"1200x800\" src=\"https:\/\/infomesq.com.br\/site\/wp-content\/uploads\/2025\/02\/cropped-Restaurante-pobre-juan-info.jpg\"> <\/div> <div  class=\"overlay\" style=\"display: block; opacity: 1;\"><\/div> <div  class=\"swap-inner\" style=\"opacity: 1; display: block;\"> <div  class=\"ContentSwap103-center\"> <h4  class=\"protfolio-full-itemtitle\">Restaurante Barra Shopping Sul<\/h4><a  class=\"button yellow\" href=\"https:\/\/www.infomesq.com.br\/aluguel\" target=\"_blank\">Locar<\/a> <\/div> <\/div> <\/div> <\/div><div  class=\"portfolio-full-projectco cp4cols cp4cols-tablet\"> <div  class=\"contentswap-effect ContentSwap103\" hover-fx=\"ContentSwap103\" id=\"ContentSwap103\"> <div  class=\"ContentSwap103_content initial-image\"><img  decoding=\"async\" class=\"portfolio-full-projectimg\" data-size=\"1200x800\" src=\"https:\/\/infomesq.com.br\/site\/wp-content\/uploads\/2025\/02\/cropped-ge-evento-infomesq.jpg\"> <\/div> <div  class=\"overlay\" style=\"display: block; opacity: 1;\"><\/div> <div  class=\"swap-inner\" style=\"opacity: 1; display: block;\"> <div  class=\"ContentSwap103-center\"> <h4  class=\"protfolio-full-itemtitle\">Evento Prolec Ge<\/h4><a  class=\"button yellow\" href=\"https:\/\/www.infomesq.com.br\/aluguel\" target=\"_blank\">Locar<\/a> <\/div> <\/div> <\/div> <\/div><div  class=\"portfolio-full-projectco cp4cols cp4cols-tablet\"> <div  class=\"contentswap-effect ContentSwap103\" hover-fx=\"ContentSwap103\" id=\"ContentSwap103\"> <div  class=\"ContentSwap103_content initial-image\"><img  decoding=\"async\" class=\"portfolio-full-projectimg\" data-size=\"1200x800\" src=\"https:\/\/infomesq.com.br\/site\/wp-content\/uploads\/2025\/02\/cropped-hotel-sheraton-evento-infomesq.jpg\"> <\/div> <div  class=\"overlay\" style=\"display: block; opacity: 1;\"><\/div> <div  class=\"swap-inner\" style=\"opacity: 1; display: block;\"> <div  class=\"ContentSwap103-center\"> <h4  class=\"protfolio-full-itemtitle\">Hotel Sheraton \u2013 Porto Alegre<\/h4><a  class=\"button yellow\" href=\"https:\/\/www.infomesq.com.br\/aluguel\" target=\"_blank\">Locar<\/a> <\/div> <\/div> <\/div> <\/div><div  class=\"portfolio-full-projectco cp4cols cp4cols-tablet\"> <div  class=\"contentswap-effect ContentSwap103\" hover-fx=\"ContentSwap103\" id=\"ContentSwap103\"> <div  class=\"ContentSwap103_content initial-image\"><img  decoding=\"async\" class=\"portfolio-full-projectimg\" data-size=\"1200x800\" src=\"https:\/\/infomesq.com.br\/site\/wp-content\/uploads\/2025\/02\/cropped-Feria-Gramado-infomesq.jpg\"> <\/div> <div  class=\"overlay\" style=\"display: block; opacity: 1;\"><\/div> <div  class=\"swap-inner\" style=\"opacity: 1; display: block;\"> <div  class=\"ContentSwap103-center\"> <h4  class=\"protfolio-full-itemtitle\">Feira Serra Park \u2013 Gramado<\/h4><a  class=\"button yellow\" href=\"https:\/\/www.infomesq.com.br\/aluguel\" target=\"_blank\">Locar<\/a> <\/div> <\/div> <\/div> <\/div><\/div><\/div><div  id=\"cta-1\" data-label=\"Call to action\" data-id=\"cta-blue-section\" data-category=\"cta\" class=\"cta-blue-section\"> <div  class=\"gridContainer\"> <div  class=\"flexbox-list flexbox-list-align-center row\"> <div  class=\"cta-blue-textcol dynamic-color\"> <h2  class=\"cta-blue-text\"> <b  class=\"element2\"> Para n\u00f3s, seu evento \u00e9 especial . <\/b> Conhe\u00e7a agora nossa Loja virtual.<\/h2> <\/div> <div  class=\"cta-blue-btncol\"> <a  class=\"button big yellow dark-text\" href=\"https:\/\/www.infomesq.com.br\/aluguel\" target=\"_blank\"> Quero meu evento diferenciado <\/a> <\/div> <\/div> <\/div> <\/div><div  data-label=\"Clientes\" data-id=\"clients-strip-section\" data-category=\"clients\" class=\"clients-strip-section\" id=\"clientes\" style=\"background-color: rgb(246, 246, 246);\"> <div  class=\"row_187\" data-type=\"row\" data-add-content=\"false\"> <div  class=\"clients-strip-itemcol cp2cols\"> <div  class=\"middle_align1\"><a  href=\"#\" target=\"_self\"><img  decoding=\"async\" class=\"clients-strip-itemimg\" src=\"https:\/\/infomesq.com.br\/site\/wp-content\/uploads\/2025\/02\/petrobras.fw_.png\"><\/a> <\/div> <\/div> <div  class=\"clients-strip-itemcol cp2cols\"> <div  class=\"middle_align1\"><a  href=\"#\" target=\"_self\"><img  decoding=\"async\" class=\"clients-strip-itemimg\" src=\"https:\/\/infomesq.com.br\/site\/wp-content\/uploads\/2025\/02\/ufrgs.fw_-1.png\"><\/a> <\/div> <\/div> <div  class=\"clients-strip-itemcol cp2cols\"> <div  class=\"middle_align1\"><a  href=\"#\" target=\"_self\"><img  decoding=\"async\" class=\"clients-strip-itemimg\" src=\"https:\/\/infomesq.com.br\/site\/wp-content\/uploads\/2025\/02\/park-shopping-canoas.fw_.png\"><\/a> <\/div> <\/div> <div  class=\"clients-strip-itemcol cp2cols\"> <div  class=\"middle_align1\"><a  href=\"#\" target=\"_self\"><img  decoding=\"async\" class=\"clients-strip-itemimg\" src=\"https:\/\/infomesq.com.br\/site\/wp-content\/uploads\/2025\/02\/bradesco.fw_.png\"><\/a> <\/div> <\/div> <div  class=\"clients-strip-itemcol cp2cols\"> <div  class=\"middle_align1\"><a  href=\"#\" target=\"_self\"><img  decoding=\"async\" class=\"clients-strip-itemimg\" src=\"https:\/\/infomesq.com.br\/site\/wp-content\/uploads\/2025\/02\/cinemark.fw_.png\"><\/a> <\/div> <\/div> <div  class=\"clients-strip-itemcol cp2cols\"> <div  class=\"middle_align1\"><a  href=\"#\" target=\"_self\"><img  decoding=\"async\" class=\"clients-strip-itemimg\" src=\"https:\/\/infomesq.com.br\/site\/wp-content\/uploads\/2025\/02\/ge.fw_.png\"><\/a> <\/div> <\/div> <\/div><\/div><div  data-label=\"Duvidas\" data-id=\"about-text-icons-section\" data-category=\"about\" class=\"about-text-icons-section\" id=\"duvidas\" style=\"background-color: rgb(246, 246, 246);\"> <div  class=\"gridContainer\"> <div  class=\"about-text-icons-innerrow dynamic-color\"> <div  class=\"about-text-icons-textcol\" data-type=\"column\"> <h5  class=\"\">TIRE SUAS D\u00daVIDAS<\/h5> <h3  class=\"\">PERGUNTAS<br ><span  href=\"#\" class=\"span24\">frequentes<\/span><\/h3> <p  class=\"\">Selecionamos as perguntas mais frequentes de nossos clientes para tornar sua experi\u00eancia ainda mais f\u00e1cil e \u00e1gil.Selecionamos as perguntas mais frequentes de nossos clientes para tornar sua experi\u00eancia ainda mais f\u00e1cil e \u00e1gil.<\/p><a  class=\"button blue\" href=\"https:\/\/www.infomesq.com.br\/aluguel\" target=\"_blank\">LOJA VIRTUAL<\/a> <\/div> <div  class=\"about-text-icons-cols flexbox-list\"> <div  class=\"about-text-icons-iconcol\"> <i  data-cp-fa=\"true\" class=\"font-icon-21 fa fa-automobile\"><\/i> <h4  class=\"\">Possuem servi\u00e7o de Entrega e Recolhimento?<\/h4> <p  class=\"\">Sim, oferecemos servi\u00e7o de entrega e recolhimento, garantindo mais seguran\u00e7a e comodidade para voc\u00ea.Sim, oferecemos servi\u00e7o de entrega e recolhimento, garantindo mais seguran\u00e7a e comodidade para voc\u00ea.<\/p><a  href=\"#\" target=\"_self\" data-reiki-hidden=\"true\"><i  data-cp-fa=\"true\" class=\"font-icon-20 fa fa-angle-double-right\"><\/i>&nbsp;learn more<\/a> <\/div> <div  class=\"about-text-icons-iconcol\"> <i  data-cp-fa=\"true\" class=\"font-icon-21 fa fa-calendar-check-o\"><\/i> <h4  class=\"\">Voc\u00eas emitem Nota Fiscal?<\/h4> <p  class=\"\">Sim, emitimos nota fiscal. Somos uma empresa s\u00e9ria, com mais de 20 anos de experi\u00eancia no mercado, atendendo tanto empresas quanto pessoas f\u00edsicas. Nossa tradi\u00e7\u00e3o e compromisso garantem a qualidade e confian\u00e7a que voc\u00ea merece.<\/p><a  href=\"#\" target=\"_self\" data-reiki-hidden=\"true\"><i  data-cp-fa=\"true\" class=\"font-icon-20 fa fa-angle-double-right\"><\/i>&nbsp;learn more<\/a> <\/div> <div  class=\"about-text-icons-iconcol\"> <i  data-cp-fa=\"true\" class=\"font-icon-21 fa fa-laptop\"><\/i> <h4  class=\"\">Voc\u00eas fazem suporte remoto?<\/h4> <p  class=\"\">Sim para casos em que n\u00e3o h\u00e1 necessidade de atendimento presencial, trabalhamos com atendimento remoto. Isso reduz custos e aumenta a agilidade do servi\u00e7o.<\/p><a  href=\"#\" target=\"_self\" data-reiki-hidden=\"true\"><i  data-cp-fa=\"true\" class=\"font-icon-20 fa fa-angle-double-right\"><\/i>&nbsp;learn more<\/a> <\/div> <div  class=\"about-text-icons-iconcol\"> <i  data-cp-fa=\"true\" class=\"font-icon-21 fa fa-map-marker\"><\/i> <h4  class=\"\">Quais regi\u00f5es a Infomesq atende?<\/h4> <p  class=\"\">Para suporte a Servidores, consultoria e servi\u00e7o de Backup remoto atendemos todo Brasil. Para atendimento de loca\u00e7\u00e3o de equipamento de \u00e1udio e v\u00eddeo atendemos todo RS.<\/p><a  href=\"#\" target=\"_self\" data-reiki-hidden=\"true\"><i  data-cp-fa=\"true\" class=\"font-icon-20 fa fa-angle-double-right\"><\/i>&nbsp;learn more<\/a> <\/div> <\/div> <\/div> <\/div><\/div><div  id=\"numeros\" data-label=\"Numeros\" data-id=\"numbers-section\" data-category=\"numbers\" data-bg=\"transparent\" class=\"numbers-section\" data-parallax-depth=\"20\"> <div  class=\"gridContainer dynamic-color\"> <div  class=\"numbers-itemcol\"> <h2  class=\"numbers-numbertext\">4490<\/h2> <h3  class=\"numbers-titletext\">CONTRATOS REALIZADOS<\/h3> <\/div> <div  class=\"numbers-itemcol\"> <h2  class=\"numbers-numbertext\">+20<\/h2> <h3  class=\"numbers-titletext\">ANOS NO MERCADO<\/h3> <\/div> <div  class=\"numbers-itemcol-last\"> <h2  class=\"numbers-numbertext\">386+<\/h2> <h3  class=\"numbers-titletext\">CLIENTES CORPORATIVOS<\/h3> <\/div> <\/div><\/div><div  id=\"rs-contact\" data-label=\"Contato\" data-id=\"contact-section\" data-category=\"contact\" data-bg=\"transparent\" class=\"contact-section-formsection white-text\"> <div  class=\"gridContainer\"> <div  class=\"row_224\"> <div  class=\"contact-textrow\"> <div  class=\"contact-textcol dynamic-color\"> <h2  class=\"\">Contato<\/h2> <p  class=\"white_text\">Whatsapp \/ Fone (51) 30317869<br >Central de Atendimento (51) 30317869<br >E-mail: contato@infomesq.com.br\n<br >www.infomesq.com.br\n<br >Centro de Distribui\u00e7\u00e3o de Equipamentos\n<br >Bairro Navegantes \u2013 Porto Alegre | RS\n<br >Escrit\u00f3rio\n<br >Rua Major Sezefredo, 786 \u2013&nbsp;Marechal Rondon \u2013 Canoas|RS\n<br >CNPJ: 06.040.666\/0001-50<\/p> <\/div> <\/div> <\/div> <div  class=\"contact-formcol\" data-content-shortcode=\"one_page_express_contact_form shortcode=&quot;everest_form id=&amp;amp;quot;1355&amp;amp;quot;&quot;\" data-editable=\"true\"><div class=\"everest-forms\"><div class=\"evf-container default\" id=\"evf-1355\"><form id=\"evf-form-1355\" class=\"everest-form\" data-formid=\"1355\" data-ajax_submission=\"0\" data-keyboard_friendly_form=\"0\" data-form_state_type=\"\" method=\"post\" enctype=\"multipart\/form-data\" action=\"\/site\/index.php\/wp-json\/wp\/v2\/pages\/1274\"><div class=\"evf-field-container\"><input type=\"hidden\" id=\"_wpnonce1355\" name=\"_wpnonce1355\" value=\"0021b2fb6d\" \/><input type=\"hidden\" name=\"_wp_http_referer\" value=\"\/site\/index.php\/wp-json\/wp\/v2\/pages\/1274\" \/><div class=\"evf-frontend-row\" data-row=\"row_1\" conditional_rules=\"[]\"><div class=\"evf-frontend-grid evf-grid-1\" data-grid=\"grid_1\"><div id=\"evf-1355-field_ys0GeZISRs-1-container\" class=\"evf-field evf-field-first-name form-row validate-required\" data-required-field-message=\"This field is required.\" data-field-id=\"ys0GeZISRs-1\"><label class=\"evf-field-label\" for=\"evf-1355-field_ys0GeZISRs-1\"><span class=\"evf-label\">Nome<\/span> <abbr class=\"required\" title=\"Required\">*<\/abbr><\/label><input type=\"text\" id=\"evf-1355-field_ys0GeZISRs-1\" class=\"input-text\" name=\"everest_forms[form_fields][ys0GeZISRs-1]\" required><\/div><div id=\"evf-1355-field_LbH5NxasXM-2-container\" class=\"evf-field evf-field-email form-row validate-required validate-email\" data-required-field-message=\"Please enter a valid email address.\" data-field-id=\"LbH5NxasXM-2\"><label class=\"evf-field-label\" for=\"evf-1355-field_LbH5NxasXM-2\"><span class=\"evf-label\">Email<\/span> <abbr class=\"required\" title=\"Required\">*<\/abbr><\/label><input type=\"email\" id=\"evf-1355-field_LbH5NxasXM-2\" class=\"input-text\" name=\"everest_forms[form_fields][LbH5NxasXM-2]\" required ><\/div><div id=\"evf-1355-field_66FR384cge-3-container\" class=\"evf-field evf-field-text form-row\" data-field-id=\"66FR384cge-3\"><label class=\"evf-field-label\" for=\"evf-1355-field_66FR384cge-3\"><span class=\"evf-label\">Assunto<\/span> <\/label><input type=\"text\" id=\"evf-1355-field_66FR384cge-3\" class=\"input-text\" name=\"everest_forms[form_fields][66FR384cge-3]\" ><\/div><div id=\"evf-1355-field_yhGx3FOwr2-4-container\" class=\"evf-field evf-field-textarea form-row\" data-field-id=\"yhGx3FOwr2-4\"><label class=\"evf-field-label\" for=\"evf-1355-field_yhGx3FOwr2-4\"><span class=\"evf-label\">Descreva aqui como podemos lhe auxiliar<\/span> <\/label><textarea id=\"evf-1355-field_yhGx3FOwr2-4\" class=\"input-text\" name=\"everest_forms[form_fields][yhGx3FOwr2-4]\"  ><\/textarea><\/div><div id=\"evf-1355-field_6XTVwoqnZM-5-container\" class=\"evf-field evf-field-recaptcha form-row\" data-field-id=\"6XTVwoqnZM-5\"><label class=\"evf-field-label\" for=\"evf-1355-field_6XTVwoqnZM-5\"><span class=\"evf-label\">Valida\u00e7\u00e3o<\/span> <\/label><div class=\"evf-recaptcha-container recaptcha-hidden\" style=\"display:block\"><input type=\"hidden\" name=\"everest_forms[recaptcha]\" value=\"\"><\/div><\/div><\/div><\/div><\/div><div class=\"evf-honeypot-container evf-field-hp\"><label for=\"evf-1355-field-hp\" class=\"evf-field-label\">Website<\/label><input type=\"text\" name=\"everest_forms[hp]\" id=\"evf-1355-field-hp\" class=\"input-text\"><\/div><div class=\"evf-submit-container \" ><input type=\"hidden\" name=\"everest_forms[id]\" value=\"1355\"><input type=\"hidden\" name=\"everest_forms[author]\" value=\"1\"><button type='submit' name='everest_forms[submit]' class='everest-forms-submit-button button evf-submit ' id='evf-submit-1355' value='evf-submit' data-process-text=\"Processando\u2026\" conditional_rules='&quot;&quot;' conditional_id='evf-submit-1355'  id=\"evf-submit-1355\" aria-live=\"assertive\">Enviar<\/button><\/div><\/form><\/div><!-- .evf-container --><\/div><\/div> <\/div><\/div>","protected":false},"excerpt":{"rendered":"<p>ALUGUEL DE EQUIPAMENTOS DE AUDIO E V\u00cdDEO Projetores, Telas, Caixas de Som, Microfones, Notebooks, Tvs, FlipCharts LOJA VIRTUAL SUPORTE A SERVIDORES Servidores Windows e Servidores Linux, Redes, Internet e Intelig\u00eancia Artificial SAIBA MAIS BACKUP REMOTO Backup Remoto com atendimento humanizado, autom\u00e1tico e seguro, v\u00e1rias c\u00f3pias cronol\u00f3gicas. SAIBA MAIS BEM VINDO A INFOMESQServidores, Backup, Loca\u00e7\u00e3o Audiovisual&hellip; <br \/> <a class=\"button small blue\" href=\"https:\/\/www.infomesq.com.br\/site\/\">Leia mais<\/a><\/p>\n","protected":false},"author":1,"featured_media":0,"parent":0,"menu_order":0,"comment_status":"closed","ping_status":"closed","template":"","meta":{"_joinchat":[],"footnotes":""},"class_list":["post-1274","page","type-page","status-publish","hentry"],"_links":{"self":[{"href":"https:\/\/www.infomesq.com.br\/site\/index.php\/wp-json\/wp\/v2\/pages\/1274","targetHints":{"allow":["GET"]}}],"collection":[{"href":"https:\/\/www.infomesq.com.br\/site\/index.php\/wp-json\/wp\/v2\/pages"}],"about":[{"href":"https:\/\/www.infomesq.com.br\/site\/index.php\/wp-json\/wp\/v2\/types\/page"}],"author":[{"embeddable":true,"href":"https:\/\/www.infomesq.com.br\/site\/index.php\/wp-json\/wp\/v2\/users\/1"}],"replies":[{"embeddable":true,"href":"https:\/\/www.infomesq.com.br\/site\/index.php\/wp-json\/wp\/v2\/comments?post=1274"}],"version-history":[{"count":67,"href":"https:\/\/www.infomesq.com.br\/site\/index.php\/wp-json\/wp\/v2\/pages\/1274\/revisions"}],"predecessor-version":[{"id":1543,"href":"https:\/\/www.infomesq.com.br\/site\/index.php\/wp-json\/wp\/v2\/pages\/1274\/revisions\/1543"}],"wp:attachment":[{"href":"https:\/\/www.infomesq.com.br\/site\/index.php\/wp-json\/wp\/v2\/media?parent=1274"}],"curies":[{"name":"wp","href":"https:\/\/api.w.org\/{rel}","templated":true}]}}